) + -4
5
Evaluate (-1 - 0 - 6) + 9.
2
What is 9 - 5 - 3 - -1?
2
-26 + 29 - (2 - 0)
1
0 + 0 + -2 + -4 + 3
-3
What is -1 + 0 + 6 - 0?
5
What is 5 + -2 + 5 + -2?
6
Evaluate 0 + (-4 - 0) - -1.
-3
Evaluate (-6 - (15 + -16)) + 1 + 9.
5
(1 - 2) + -6 + (5 - 1)
-3
What is the value of (15 - 4) + (0 - 8)?
3
-6 - (-2 + -8 + 6) - -1
-1
Evaluate -9 + (-2 - -9) + (10 - 2).
6
What is the value of 5 + 4 + 1 + -10?
0
Calculate 8 + (-9 + 17 - (1 + 19)).
-4
What is the value of 1 + 0 + 0 - (-6 - -4)?
3
4 + -1 + (-2 + 3 - 2)
2
(-29 - -10) + 5 - -10
-4
Calculate -6 + (5 - (3 - 0)) + 2.
-2
Evaluate -4 + 3 - (3 + -1 + -4).
1
What is -2 - -1 - (-7 - (1 - 3))?
4
Evaluate -4 + (8 - 10) + 4.
-2
What is the value of (5 - 4) + -2 + 5?
4
(3 - (-2 + 3)) + -4
-2
Calculate 0 + -7 + -9 + 16.
0
What is -1 + (1 - -3) + (-1 - 4)?
-2
What is (-2 - -1) + (9 - 7)?
1
Evaluate 4 - (7 - 4) - (2 + 1).
-2
Evaluate (-8 - -7) + -3 + -1.
-5
Evaluate -5 + 4 + (2 - 4) - -1.
-2
What is the value of -45 + 49 + (1 - 1)?
4
Evaluate 1 - -5 - 4 - 2.
0
3 + -4 - (3 + -2 + 0)
-2
Calculate 9 + (19 - 27) - (0 - 0).
1
Evaluate -2 + 4 + (3 - 5).
0
What is the value of 5 + (-1 - (4 + -3)) + 0?
3
Evaluate 4 + -1 + -3 + -5.
-5
What is (0 - -6) + -1 + -2 - 5?
-2
What is 8 + 7 + -17 + (0 - 3)?
-5
What is the value of (3 - -2) + (-2 - 1) + 2?
4
Calculate -9 - (3 + 0 + -5 - 3).
-4
What is 0 + 11 - (3 + 7)?
1
(-10 - -3) + 0 + 7
0
(-7 - -1) + 1 + -1 + 1
-5
What is -18 + 10 - -10 - (2 + -1)?
1
What is the value of 6 + (3 - 7 - -6)?
8
0 - 0 - (-4 + -4 - -13)
-5
What is 6 + (7 - 1 - (-8 + 14))?
6
Calculate 0 + (-5 - (-5 - 3)).
3
6 - (-6 - (-9 - 7))
-4
4 - (1 + 2 + -1 - -7)
-5
Evaluate -9 + (10 - -3) + -5.
-1
(-2 - (-6 + 4)) + (4 - -1)
5
What is (5 - 7) + 6 + 1 + 2?
7
Calculate -24 + 24 + 1 + -3.
-2
Calculate 0 + 8 + -7 + 14 + -9.
6
What is -16 + 14 + -1 + 5 + -1?
1
What is 2 + 9 - (25 - 7)?
-7
What is the value of 23 - 30 - (-6 - 0)?
-1
0 + (0 - 0) - -3
3
What is 7 + 0 + -23 + -3 + 10?
-9
Calculate 4 + (2 - 2 - (5 + -5)).
4
5 + (-10 - (-1 + -6) - -1)
3
What is the value of -1 - -9 - 0 - 5?
3
What is (3 - 1) + -6 + (6 - -4)?
6
What is 7 + -11 + (8 - 1) - 7?
-4
Evaluate 4 + -12 + 9 - 11.
-10
What is the value of -1 + -2 - 1 - -2 - 2?
-4
1 + -1 - (-10 - -14) - -5
1
What is the value of (-4 + 2 - -5) + -1?
2
What is the value of 3 + (-1 - -3 - 2) + -1?
2
What is -5 - ((0 - 5) + 5 + -1)?
-4
What is the value of -4 - (0 + 5 + -5)?
-4
What is 6 - 3 - 10 - (5 + -3)?
-9
What is the value of 7 + 1 + (-6 - (-4 + 4))?
2
-34 - -31 - (2 + 0)
-5
What is 9 - 2 - 11 - (-1 - 1)?
-2
Evaluate 5 - (-16 - -9 - -11).
1
What is the value of (-2 - -2) + -4 + 3?
-1
What is -6 + 7 + -9 + 11 + -2?
1
Calculate (3 - 0) + -1 + 1.
3
2 + -4 - -5 - 12 - -7
-2
Evaluate -2 + (0 - (-7 + 1)).
4
What is (-1 - 2) + 72 + -73?
-4
What is -12 + 12 + -10 + 6?
-4
-1 - ((-13 - -11) + (0 - -1))
0
What is the value of (6 - (8 + 1)) + 6?
3
Evaluate -4 + 3 + 3 + -6.
-4
(3 - 0) + -3 + -3 + -2
-5
Calculate -10 + 13 - (6 + -2).
-1
Evaluate 4 - (7 + (-2 - -4 - 0)).
-5
(-5 + -3 - -7) + -5 + 1
-5
Calculate -3 - (2 - 0) - -3 - 3.
-5
Calculate (-3 - -3) + 4 - 3.
1
Evaluate 3 + (1 - (1 - -4) - -7).
6
What is the value of 10 + 6 + -3 + -7?
6
Calculate (-1 - 2) + -19 + 17 + -2.
-7
Calculate (-1 - (-1 - -1)) + 0.
-1
What is 1 + 0 + -2 - (0 - 5)?
4
Calculate 5 - 2 - (-2 - -3).
2
What is the value of -10 - (-33 + 9) - 5?
9
2 + -5 - (-15 - (-2 + -6))
4
0 + 0 - ((-10 - -14) + 3)
-7
Evaluate 9 - -3 - (-78 - -80).
10
What is -1 - (1 + -1) - 0?
-1
Evaluate -1 + -6 + (-3 - (-3 + -3)).
-4
1 + (-1 - (-2 + 0))
2
Evaluate 0 - -1 - (-5 - -2).
4
What is 1 + -9 - (-25 - -16)?
1
(11 - 12) + (0 - -1) + -1
-1
What is -2 - 0 - (5 + -9)?
2
-13 - (-12 + 6) - (0 - 5)
-2
What is 4 + (-11 - -11) + (-1 - 0)?
3
What is (0 - -1) + -6 - 0?
-5
What is the value of (18 - 20) + -6 + 1?
-7
What is ((-3 - -8) + -1 - -4) + -4?
4
What is the value of (-3 + -4 - -2) + -4 - -4?
-5
What is (-4 - -1) + 7 + 1?
5
What is 17 + 0 + 4 + -14?
7
Evaluate 0 + 4 + 3 + -11.
-4
2 + 2 + (-5 + 3 - 2)
0
Calculate 17 + -23 - (3 + (-1 - -2)).
-10
Evaluate -8 + 4 + 4 + (-3 - 2).
-5
What is -4 - -4 - -5 - 10?
-5
Calculate 0 - (6 + -6 + 0).
0
(1 - (-1 - 2)) + 11 + -22
-7
Calculate (5 - (-4 + 1 - 2)) + -6.
4
Evaluate 2 + (-8 - (-7 + 4)).
-3
What is the value of -6 + (7 - -2) + -6?
-3
What is the value of 1 - (9 + -1 + -10 + 7)?
-4
4 - (-8 - -2 - -5)
5
Evaluate (1 - 2) + -3 + 2 - -2.
0
What is the value of 31 - 29 - (-3 - -2 - -3)?
0
What is -1 + 5 + -3 + -1 + 3?
3
What is the value of -16 + (0 - (8 - 21))?
-3
What is 2 + -2 - 2 - (-1 + 3)?
-4
What is the value of -6 + -3 - (-13 + 0)?
4
Evaluate (8 - (-3 - -4)) + (-6 - -3).
4
Evaluate 5 - 3 - 5 - 1.
-4
Evaluate 7 + 1 + 8 + -16.
0
Evaluate 0 + 2 - (-2 + 8).
-4
Calculate 4 - 4 - (-3 + 3 + 1).
-1
Evaluate -6 + (0 - 8 - (17 - 24)).
-7
What is 7 + 2 + -3 + 1?
7
-5 + 2 - (-15 + 7)
5
What is the value of -8 - 0 - (-4 + 0 + 0)?
-4
Calculate (0 + -4 - (-2 + -2)) + 3.
3
What is the value of (4 - 3) + 3 + -1 + 2?
5
What is the value of -6 - ((-13 - -9) + 1)?
-3
What is the value of 8 + (-30 + 1 - -5 - -6)?
-10
What is 1 + (-3 + 3 - 4)?
-3
What is -4 - (1 + -3) - -3?
1
Evaluate 0 + 4 + 0 + -8 + 7.
3
What is the value of 1 - (7 + -8 - -8)?
-6
Calculate -13 + 15 + (-10 - 0) + 2.
-6
Evaluate 0 - (0 + 3) - -4.
1
What is the value of (-14 - 2) + 9 - (-1 + 4)?
-10
Evaluate 0 + -1 + 20 + -14.
5
Evaluate 3 + -1 + 1 + -10 + 2.
-5
What is 1 + (1 - -4) + -10 + 10?
6
What is -5 - (-5 - 0 - -6) - -1?
-5
3 + 1 - ((19 - 6) + -9)
0
What is -6 - -11 - 7 - -5?
3
(-5 + 10 - 6) + -4
-5
What is 4 + -14 + 7 + 0 + 2?
-1
3 + (3 - (-6 + -1)) - 6
7
Calculate (-20 + 14 - (-3 + 1)) + 7.
3
What is -12 - (-20 - (-3 + -4))?
1
Evaluate 7 + -16 + (9 - 8).
-8
2 - (-4 + 0 + (5 - 1))
2
Calculate -2 + (0 - (-6 + 1)).
3
What is the value of -1 - 1 - (0 - -1)?
-3
Calculate ((-5 - -9) + -3 - 5) + 4.
0
Evaluate (0 - (2 - 7)) + -19 + 17.
3
What is -4 - (-7 - (8 + -10 + 6))?
7
Evaluate -2 - -6 - (2 - -5) - 1.
-4
What is the value of (-11 - -15) + 1 + -3 - -3?
5
What is the value of 4 - (-6 + (14 - 7) + 6)?
-3
Evaluate (-4 - -4) + (5 - (3 - 3)).
5
Calculate 3 - 1 - (52 - 45).
-5
Calculate (0 - 3) + 4 + 2 + -4.
-1
Calculate 2 + 4 + (3 - 6).
3
Evaluate 1 + -3 + (18 - 16) - 0.
0
What is -1 + 0 + 3 + -4?
-2
Evaluate 2 + -7 - (-11 - -9).
-3
6 + 0 - (-1 + 1) - 3
3
What is the value of (2 + (-4 - 4) - -14) + 0?
8
What is the value of (1 - 5) + 2 + 0 + 2?
0
11 + -25 + (1 - -6)
-7
Evaluate -3 + -3 + 3 + 5.
2
What is 6 + -12 + 11 - -2?
7
What is (8 + -11 - -6) + 3?
6
What is the value of -5 - (3 - 1 - 11)?
4
What is 2 - (0 - -4 - (1 + 1))?
0
What is the value of -73 - -69 - (3 - -2)?
-9
4 + -11 - -9 - (-1 - -11)
-8
4 + (-3 - (3 - 3)) - 0
1
What is the value of 9 - (-1 - (-11 + 3))?
2
What is (3 - 2) + 1 - -3?
5
Calculate (0 - -5) + -4 + (5 - 12).
-6
Calculate (0 - 4) + -5 + -8 + 15.
-2
Evaluate 10 + -8 + (-7 - -14).
9
What is the value of -3 - -1 - -5 - (-19 - -21)?
1
What is 9 - 7 - (-2 - 0)?
4
What is (1 - 2) + (5 - 10)?
-6
What is -4 - 12 - (-15 - (-1 + -6))?
-8
Calculate (1 - 5 - (14 + -14)) + -3.
-7
Evaluate -3 + -2 + 0 - (-3 - -3).
-5
7 - 7 - 4 - -5
1
Calculate (-25 - -25) + (-2 - -3) + 2.
3
What is 7 + (10 - (-3 - -15))?
5
What is 5 + (1 - -4 - 2)?
8
Calculate (-5 + -3 - -17) + -14.
-5
What is the value of -3 + (-4 - 4) + 8?
-3
Calculate 4 - 1 - (-16 - -13).
6
Evaluate 3 - 5 - (5 + -6).
-1
What is (2 - (0 - 0)) + 3 - 9?
-4
Calculate 3 + 1 - (-3 + 7) - -4.
4
Evaluate 1 + 0 + -1 - (6 + -8).
2
What is the value of 2 + -6 + -2 + 2?
-4
Evaluate -6 + 2 - (0 + -1).
-3
5 + -4 + -5 + 1
-3
-3 + 2 + 3 + (0 - 4)
-2
What is the value of 0 + 9 - (-12 - -17)?
4
3 + 0 - (-1 + -1)
5
What is the value of -6 + -1 + -9 + 19?
3
-3 + (3 - 8 - (0 - 8))
0
Evaluate -43 - -32 - (-1 + -5).
-5
-1 - 0 - (11 + 0 + -18)
6
What is the value of 1 - -5 - (0 - (0 - 1))?
5
What is the value of -4 + (-2 - 4) + 12 + 2?
4
What is the value of (2 - (1 - 4)) + (-12 - -13)?
6
Evaluate 2 + -7 + (0 - -10).
5
Evaluate (3 - (1 + 0)) + (-23 - -18).
-3
-12 + 6 - (-12 - -8)
-2
Calculate -6 + -2 + 4 + -2 - -3.
-3
(9 - -2) + -22 + 13
2
What is (-5 - -2 - 3) + 25 + -25?
-6
Evaluate 9 + (1 - 11) - (-2 - -1).
0
What is -1 + 2 + 12 + -10 + 2?
5
21 + -16 + 0 + (4 - 11)
-2
What is the value of -